 s(a) be the third derivative of u(a). What is s(1)?
-7
Suppose 4*y - 2*k = -38, -5*y - 43 = -2*k + 4*k. Let r = y - -1. Let l(s) = -s - 10. Give l(r).
-2
Let k(h) = h - 1. Let p(d) = d. Let j(w) = 2*k(w) - 4*p(w). Calculate j(-3).
4
Let q(k) = k - 2. Let o(t) = -t**2 + 6*t + 3. Let h be o(6). Let v be q(h). Let x(z) = 5*z**3 + z**2. What is x(v)?
6
Suppose y = 3*m + 7, -10 = -3*y + 4*m - 6*m. Let o(h) be the first derivative of -3*h - 5/2*h**2 + 1/3*h**3 + 2. Give o(y).
-7
Let l(r) be the second derivative of -r**4/6 - r**3/2 + 2*r**2 - r. Suppose -22 = -3*d - 5*g + 1, -5 = 3*d - 2*g. Let c be d + 2*(2 + -4). What is l(c)?
-5
Let z(w) be the second derivative of w**3/2 + w**2 - 13*w. Determine z(-3).
-7
Let l(h) be the first derivative of -h**4/4 - h**3 + h**2 - 3*h - 18. Suppose 2*w - 20 = 7*w. What is l(w)?
5
Suppose -2*j + 89 = 27. Let f = -22 + j. Suppose -4*m + m + f = 0. Let n(o) = 2*o - 2. Calculate n(m).
4
Suppose 19 = -t + 4*a, 5*t + 3*a - 19 = t. Let z(g) = -2 - 3 + 7*g + 5. Determine z(t).
7
Let q(n) = 4*n**2 + 0*n + 0*n + n. Let v(o) = 5*o + 1. Let c be v(-1). Let d = c + 5. Give q(d).
5
Let j(m) = -m - 2. Let z(k) = -k - 2. Let h(f) = -3*j(f) + 2*z(f). Let r = -1 + 5. Give h(r).
6
Let w = 0 - -1. Let t = w - -4. Suppose 5*j + 3*i = -9, -2*i = -t*j - 4*i - 6. Let b(u) = -u**3 + u**2 + 2. What is b(j)?
2
Let r(y) = 3*y + 4. Let f(a) = 2*a + 5. Let u(q) = 4*f(q) - 3*r(q). Let d be u(7). Let k(i) = 4*i**3 - i. Give k(d).
3
Let o(v) = -v**3 + v - 1. Let m(b) = -7*b**3 + 4*b**2 + 8*b - 4. Let i(x) = -m(x) + 6*o(x). Let t(j) = -3 + 5 + 2 - j**2. Let u be t(0). Determine i(u).
-10
Let k(d) = d**3 - 5*d**2 + 5*d - 4. Let t be k(4). Let x(c) = -4 + t*c**2 + 7 + 2*c**2 - 3*c + c**3. What is x(-3)?
3
Let v be -3*(-268)/66 + 4/(-22). Let y(p) = -p**3 + 13*p**2 - 12*p - 3. Give y(v).
-3
Let x(r) be the first derivative of -r**5/20 + r**4/12 + r**3/3 - 3*r**2/2 + 2*r - 3. Let p(m) be the first derivative of x(m). Give p(2).
-3
Let b(g) = g**2 + 8*g + 4. Suppose -5*w = -3*n - 25, -3*n + n + 15 = 3*w. Suppose -2*t - 3*s = 27, -3*t - w*s - 19 = -4*t. Calculate b(t).
-8
Let s(p) be the third derivative of -p**7/2520 - p**6/720 + p**5/120 + p**4/24 - 2*p**2. Let g(u) be the second derivative of s(u). What is g(-4)?
-11
Let d = 6 + -1. Let v(g) = 3*g - 7. What is v(d)?
8
Let z(i) = i**2 - 8*i - 4. Let j = -1 + 10. What is z(j)?
5
Let h(t) = 6*t**3 - t**2 + t + 1. Let b = 43 - 26. Let a(w) = -w - 5. Let u be a(-7). Suppose 3*s = -5*k - b, 7*k - 3*k + u*s + 12 = 0. Give h(k).
-7
Let k(t) be the second derivative of t**5/60 + t**4/24 + t**3/6 + t. Let v(o) be the second derivative of k(o). What is v(-3)?
-5
Let s(w) = -4*w. Suppose 11*q - 13*q - 4 = 0. What is s(q)?
8
Suppose 4*o = 4*n + 12, 3*n + o - 10 = 1. Let v(a) = -a**n - 5*a**3 - 46 + 46. What is v(1)?
-6
Suppose -5*i + 3 = -8*i. Let z(b) = b + 1. Let n(u) = -4. Let v(r) = n(r) + 5*z(r). Calculate v(i).
-4
Let k(s) = s**2 + 1. Suppose -3 - 7 = -5*o. Give k(o).
5
Let k(i) = -2*i**2 + 6*i - 1. Let c = 45 - 41. What is k(c)?
-9
Let b(s) = 6*s - 2 - 8 + 0*s + 0*s + s**2. What is b(-7)?
-3
Let t(v) be the third derivative of -v**5/60 + v**4/24 - 3*v**2. Calculate t(-1).
-2
Let p(y) be the third derivative of -y**5/30 + y**4/6 - y**3/2 + 6*y**2. Determine p(2).
-3
Let d(i) = i**2 - 6. Let w = 7 - 2. Suppose 4*f - 21 = -1. Let u = f - w. Give d(u).
-6
Let j(d) = 3*d**3 - 13*d**2 + 13*d - 17. Let b(y) = -5*y**3 + 20*y**2 - 20*y + 26. Let p(n) = -5*b(n) - 8*j(n). Determine p(-5).
1
Let o(x) be the second derivative of 1/20*x**5 + 2*x + 2/3*x**3 - 1/2*x**4 - x**2 + 0. What is o(5)?
-7
Let f(z) = z**3 - 5*z**2 + 7*z - 9. Let y be f(4). Let r(a) = -a**2 - 1. Determine r(y).
-10
Let o(t) = -t**2 + t + 7. Suppose 4 - 1 = 5*x + c, -4*x = 3*c - 9. Let d = 10 - 8. Suppose d*j - j = x. What is o(j)?
7
Suppose -4*a = -y - 25 - 4, -4*a - 5*y = 1. Let f(b) = b + 1. What is f(a)?
7
Let w(z) = 3*z**3 - 12*z**2 - 5*z - 2. Let x(j) = -2*j**3 + 6*j**2 + 2*j + 1. Let h(p) = -3*w(p) - 5*x(p). Calculate h(-5).
1
Let o(f) = -f**2 + f + 1. Suppose -5 = 3*b + 16. Let a(z) = z**3 + 6*z**2 - 7*z - 1. Let y be a(b). Give o(y).
-1
Let u(j) = 7 - 8 + 2*j - j**3 - 5*j**3. What is u(1)?
-5
Let x = -7 + 4. Let l be 12/7 - (-4)/14. Let m(y) = -3 + 0*y + y + y**2 + l*y. Determine m(x).
-3
Let n(r) = r - 1 - 1 - 3 + 3. What is n(0)?
-2
Let a(s) be the second derivative of -s**4/12 + 11*s**3/6 - s**2/2 - 30*s. Give a(11).
-1
Let x(u) = -54*u**2 - 53*u**2 - 1 + 105*u**2 - u**3. What is x(-3)?
8
Let f(c) = -c + 1. Let x(o) = -3*o + 6. Let r(z) = 4*f(z) - x(z). Let i = 49 - 34. Suppose 3*l + 4 = 19, 5*h - l = -i. What is r(h)?
0
Suppose -3*n = -0*n. Let y(z) be the second derivative of 1/2*z**3 + 2*z + 0 + n*z**2. Determine y(-3).
-9
Let j = -10 + 12. Suppose 0 = -q - 2*y + 12, -6 - 4 = -j*y. Let c(i) = 1 - 3 - 2*i**q + 4. Calculate c(-2).
-6
Let v = 0 - -4. Let g(t) = -t + 2. Determine g(v).
-2
Suppose 2*n + n + 5*k = 21, n - 3*k + 7 = 0. Let a(f) = 4*f**2 - 4*f**n - 1 - 7*f**3. Determine a(1).
-8
Let i(a) = 0*a - 12*a**2 - 1 + 2*a**2 - a. Suppose 2*h + 2 = -0*h. Determine i(h).
-10
Let g(q) = q**3 - 5*q**2 + q - 7. Let a(u) = u**2 + 1. Let j be -4*(0 + (-10)/8). Let z(k) = j*a(k) + g(k). Determine z(0).
-2
Let m(i) = -2*i**2 - 3 + 0 + 2*i + 0. Let u = 23 + -20. Let t be 4*(u/(-2) - -2). Determine m(t).
-7
Let v(d) = -d**3 - 4*d**2 - 2*d - 6. Suppose 0 = 2*n + 4*k + 2 - 6, n = -4*k + 6. Let b be 2 + n + (3 - 7). What is v(b)?
2
Suppose -10 = 3*s - 28. Let x(t) = t**3 - 5*t**2 - 9*t + 2. Calculate x(s).
-16
Let q(h) = h**3 + h**2 + h - 8. Suppose 0*d + 5*d + 110 = 0. Let r = -22 - d. Determine q(r).
-8
Let u be (3 - -1)/(7 - 8). Let c(z) = -2*z**2 - 6*z. Give c(u).
-8
Suppose 9 + 3 = -6*x. Let u(z) = -4*z - 1. Give u(x).
7
Let b(j) = -2 + 3*j - 3*j + 0*j - j. Give b(-4).
2
Let v(n) = n**2 + 6*n + 6. Let q = 39 - 23. Suppose 3*u = -4*k - 0*k - q, -4*k - 2*u = 16. Give v(k).
-2
Let y(b) = 2*b - 6. Let j be y(6). Let z = -4 + j. Let u(c) = 0*c - 2*c - 2*c + z*c. Determine u(2).
-4
Let k(d) = 2*d + 11. Let q be k(-6). Let n(w) = -8*w**2 + w + 1. What is n(q)?
-8
Let i(x) = -6*x**3 - 2*x**2 + x - 3. Let c(r) = -7*r**3 - 3*r**2 + r - 4. Let m(q) = 5*c(q) - 6*i(q). Calculate m(4).
10
Let x(c) = -c**2 - 6*c - 5. Let m(u) be the first derivative of u**4/4 - 5*u**3/3 + 5*u**2/2 + u + 1. Let a be m(4). Let g = a - 10. Determine x(g).
0
Let p(h) = -5 - 1 + 2*h - h. Let g be p(9). Let u(s) = 2*s**2 + 4*s**3 - 4*s - 3*s**3 - 3*s**2 - 1. Give u(g).
5
Let u(c) = 0 + 9 + 2*c - 7. Give u(-3).
-4
Let t(m) = -m**3 + 2*m**2 - 4*m - 7. Let k(h) = 4*h**3 - 5*h**2 + 11*h + 21. Let o(s) = 2*k(s) + 7*t(s). Determine o(-5).
-2
Let w(h) = -2*h**2 + 6*h**2 - 4 + 2*h - 3*h**2. Give w(-3).
-1
Let o be (-21)/2*16/(-24). Suppose 0 = 3*q + g - 8, -5*q - 3*g + 23 = o. Let j(n) = n**3 - 4*n**2 + n + 1. Calculate j(q).
-5
Let c be 48/21 - (-4)/(-14). Let f(s) = -c*s - s - s**2 + 2*s + 4*s**3. Let v(o) = -o - 1. Let g be v(0). Give f(g).
-4
Let p(m) = 11*m - 7. Let k(v) = 6*v - 4. Let r(i) = -7*k(i) + 4*p(i). Let q be r(2). Let n(d) = -3*d - 2*d**2 - 5*d**2 + q*d**2 + 0*d**2. Give n(-2).
-6
Let n(v) = 5*v**3 + v**2 - 2*v - 6. Let c(j) = -14*j**3 - 2*j**2 + 6*j + 18. Let i(x) = -6*c(x) - 17*n(x). Determine i(-5).
4
Let m(h) = -h**2 + 5*h - 2. Suppose -3*y = 5*j - 24, -4*y - y = -5*j - 40. Let t be (-18)/(-4)*y/12. What is m(t)?
4
Let d(j) be the second derivative of 2*j**3/3 + 5*j**2/2 + 4*j. Let b(m) = m + 1. Let h(w) = 3*b(w) - d(w). Calculate h(2).
-4
Suppose 8*h - 3*h + 20 = 0. Let x = 6 + h. Let z(r) = 0*r**2 + r - 7*r**2 - r**2 - 2 + 10*r**2 - 2*r**3. What is z(x)?
-8
Suppose 0 = -4*i - 4*v, -8*i + 4*i + 3*v = 35. Let d(s) = 4 - 3*s + 2 - 4 + 2. Let o(q) = -3*q + 3. Let f(w) = i*d(w) + 6*o(w). Calculate f(-4).
10
Let o(v) = -5*v**3 + 9*v**2 + v - 1. Let m(s) = -s**3 + s**2. Let b(t) = 4*m(t) - o(t). What is b(5)?
-4
Let h(l) = 6*l**2 + 4*l - 2. Let x(z) = -7*z**2 - 5*z + 2. Let v(a) = 6*h(a) + 5*x(a). Let y be 6 - (1 + -1 + 2). Suppose 5*k + 11 = -y. What is v(k)?
10
Let a(r) = -3*r - 3. Let z be 2 - -6*(-1)/(-2). Suppose 4 = 2*g + 2*d, 5*g + 4*d - z = 2*g. Give a(g).
-12
Let a(n) = -3*n**3 - n**2 + n - 1. Let x = 22 + -16. Suppose -4*s + 0*z = 4*z - 12, 0 = -s - 3*z + 